e the greatest common divisor of 7312 and 48.
16
Calculate the highest common factor of 3 and 366.
3
Calculate the greatest common factor of 66 and 25234.
22
Calculate the greatest common factor of 3540 and 60.
60
What is the highest common divisor of 462 and 7524?
66
What is the highest common factor of 255 and 360?
15
What is the highest common factor of 7807 and 1055?
211
Calculate the greatest common divisor of 7956 and 260.
52
Calculate the highest common divisor of 572 and 22.
22
Calculate the highest common factor of 253 and 391.
23
What is the greatest common factor of 16367 and 13?
13
Calculate the highest common divisor of 492 and 60.
12
What is the greatest common factor of 33 and 209?
11
Calculate the greatest common divisor of 672 and 21.
21
Calculate the greatest common factor of 448 and 700.
28
Calculate the highest common divisor of 721 and 7.
7
What is the greatest common divisor of 910 and 13?
13
What is the greatest common divisor of 164 and 64?
4
Calculate the greatest common divisor of 12364 and 88.
44
Calculate the highest common divisor of 4558 and 86.
86
Calculate the highest common factor of 721 and 49.
7
What is the highest common divisor of 2766 and 6?
6
Calculate the greatest common factor of 88 and 32.
8
What is the highest common factor of 1332 and 27?
9
What is the greatest common factor of 365 and 73?
73
Calculate the greatest common divisor of 2 and 1174.
2
What is the greatest common divisor of 212 and 41764?
212
Calculate the greatest common divisor of 66 and 748.
22
Calculate the highest common divisor of 37 and 1184.
37
Calculate the highest common factor of 2055 and 20.
5
What is the highest common divisor of 3252 and 3?
3
Calculate the greatest common divisor of 230 and 30.
10
What is the greatest common factor of 52 and 1651?
13
Calculate the greatest common divisor of 621 and 27.
27
Calculate the highest common divisor of 215 and 8557.
43
What is the greatest common factor of 324 and 2052?
108
Calculate the greatest common factor of 200 and 450.
50
What is the highest common divisor of 48 and 16?
16
What is the greatest common divisor of 37 and 107411?
37
What is the greatest common divisor of 31 and 5890?
31
Calculate the highest common factor of 1295 and 703.
37
What is the highest common factor of 4374 and 324?
162
What is the greatest common factor of 1062 and 944?
118
Calculate the greatest common divisor of 93 and 3751.
31
What is the highest common factor of 2632 and 364?
28
Calculate the greatest common factor of 203 and 58.
29
What is the greatest common divisor of 9710 and 30?
10
What is the highest common divisor of 6 and 68?
2
What is the highest common divisor of 30 and 150?
30
What is the highest common factor of 343 and 7?
7
Calculate the highest common divisor of 8 and 88.
8
Calculate the highest common factor of 648 and 3321.
81
What is the greatest common divisor of 45 and 21987?
9
What is the greatest common divisor of 1298 and 22?
22
Calculate the highest common factor of 2849 and 231.
77
What is the highest common divisor of 4 and 2558?
2
What is the greatest common factor of 18 and 1422?
18
What is the highest common factor of 8616 and 48?
24
What is the greatest common factor of 15 and 4755?
15
Calculate the greatest common factor of 231 and 35.
7
Calculate the highest common factor of 3410 and 220.
110
What is the highest common divisor of 1840 and 115?
115
What is the greatest common divisor of 12 and 12?
12
What is the highest common factor of 462 and 42?
42
Calculate the greatest common factor of 165 and 11.
11
What is the highest common factor of 1808 and 64?
16
Calculate the greatest common factor of 1131 and 261.
87
Calculate the highest common factor of 376 and 32.
8
What is the highest common factor of 8256 and 129?
129
What is the highest common factor of 148 and 162?
2
Calculate the greatest common factor of 23310 and 210.
210
What is the greatest common factor of 40 and 580?
20
What is the greatest common factor of 14 and 826?
14
What is the highest common divisor of 96 and 12?
12
Calculate the highest common factor of 4 and 50.
2
What is the greatest common divisor of 274 and 137?
137
What is the highest common divisor of 4408 and 174?
58
What is the greatest common factor of 11750 and 500?
250
What is the highest common divisor of 1458 and 108?
54
What is the highest common divisor of 849 and 21?
3
Calculate the greatest common factor of 96 and 18.
6
What is the greatest common divisor of 20 and 570?
10
What is the greatest common factor of 92 and 32?
4
Calculate the highest common factor of 65 and 52.
13
What is the highest common factor of 30 and 1635?
15
Calculate the highest common factor of 22 and 154.
22
What is the greatest common factor of 256 and 16?
16
What is the greatest common factor of 46 and 10787?
23
Calculate the highest common divisor of 322 and 17296.
46
What is the greatest common factor of 87 and 27?
3
Calculate the greatest common divisor of 1651 and 26.
13
Calculate the greatest common factor of 1196 and 416.
52
Calculate the highest common divisor of 29 and 203.
29
What is the highest common factor of 32 and 304?
16
Calculate the greatest common factor of 1107 and 82.
41
Calculate the highest common divisor of 12 and 156.
12
What is the greatest common divisor of 15 and 1350?
15
Calculate the highest common factor of 7 and 1141.
7
Calculate the greatest common divisor of 12 and 324.
12
Calculate the highest common divisor of 696 and 48.
24
What is the greatest common factor of 16 and 44?
4
Calculate the highest common factor of 532 and 28.
28
What is the greatest common factor of 1731 and 9?
3
What is the greatest common factor of 6171 and 102?
51
Calculate the greatest common factor of 17 and 663.
17
Calculate the highest common divisor of 4395 and 9.
3
What is the greatest common divisor of 190 and 16036?
38
Calculate the greatest common divisor of 188 and 128.
4
What is the highest common factor of 12 and 6?
6
What is the highest common divisor of 177 and 1711?
59
Calculate the highest common factor of 14 and 98.
14
Calculate the highest common factor of 264 and 32.
8
Calculate the greatest common factor of 487 and 25811.
487
Calculate the greatest common factor of 28 and 5068.
28
What is the highest common factor of 32556 and 24?
12
What is the greatest common divisor of 34 and 17?
17
Calculate the highest common divisor of 603 and 67.
67
Calculate the highest common factor of 92 and 92.
92
What is the greatest common divisor of 34 and 272?
34
Calculate the highest common factor of 1035 and 585.
45
Calculate the highest common factor of 273 and 84.
21
Calculate the highest common factor of 684 and 8.
4
Calculate the highest common divisor of 209 and 589.
19
What is the highest common divisor of 26 and 1703?
13
Calculate the greatest common divisor of 160 and 5.
5
Calculate the greatest common factor of 116 and 32.
4
What is the greatest common divisor of 117 and 507?
39
Calculate the greatest common divisor of 14 and 8414.
14
Calculate the highest common divisor of 1782 and 162.
162
Calculate the highest common factor of 273 and 1209.
39
What is the highest common factor of 2541 and 9?
3
Calculate the highest common divisor of 4082 and 39.
13
Calculate the highest common factor of 108 and 4.
4
Calculate the greatest common factor of 192 and 528.
48
Calculate the greatest common factor of 24 and 3576.
24
Calculate the greatest common divisor of 474 and 42.
6
Calculate the highest common divisor of 4029 and 17.
17
Calculate the highest common divisor of 6 and 7662.
6
What is the greatest common factor of 294 and 24?
6
Calculate the highest common factor of 70 and 1225.
35
What is the greatest common factor of 10 and 370?
10
What is the highest common divisor of 80 and 15?
5
What is the highest common factor of 17 and 527?
17
Calculate the greatest common divisor of 7 and 90251.
7
Calculate the highest common factor of 25 and 485.
5
What is the highest common factor of 60 and 96?
12
Calculate the highest common factor of 3276 and 7.
7
What is the greatest common factor of 1580 and 40?
20
Calculate the greatest common factor of 182 and 26.
26
Calculate the greatest common divisor of 46 and 1150.
46
Calculate the greatest common factor of 